(j).
8
Let w be 3/6 + (-7 + 5 - -2). Let t(o) be the first derivative of 4*o + w*o**2 - 4. Calculate t(-3).
1
Let i(j) = -2*j + 2. Let v(n) = 91 - 90 + 3*n - 4*n. Let g(y) = 2*i(y) - 3*v(y). Determine g(-7).
8
Suppose -2 = -i + 5. Let u(q) = -q. Let f be u(0). Suppose -i = -2*l + k, -2*l - l - k + 3 = f. Let m(v) = -v**3 + 2*v**2 - 1. Calculate m(l).
-1
Let b(z) = -z**2 + z - 1. Let p(x) = -x**2 + x - 2. Let m(n) = 6*b(n) - 7*p(n). Let k be (1 + -1)*16/(-48). Let c be k*2*(-2)/8. What is m(c)?
8
Let k(r) = 4*r + r - 2*r + 1 - 15*r. What is k(-1)?
13
Let w(b) be the first derivative of -2*b**4 - b**2 + b + 25. Give w(1).
-9
Let l(f) = 123 - f**3 - 6*f**2 - 5*f + 0*f**3 - 122. Let a be (-7)/(-14) + (-1)/2. Suppose 0*d + 4*d + 16 = a. Calculate l(d).
-11
Let x(n) = -107 - n**2 + 219 - 111. Give x(-2).
-3
Suppose -71 = 3*i + 2*u, 3*u = -3*i + 5*u - 79. Let q(k) = -2*k**3 - 51*k**2 - 26*k - 26. Calculate q(i).
-1
Let p(b) be the first derivative of -29*b**2/2 - 2*b - 23. What is p(1)?
-31
Let z(d) = -5*d**2 + 7*d + 11. Let a(i) = -11*i**2 + 14*i + 23. Let h(v) = 3*a(v) - 7*z(v). Give h(6).
22
Let m(t) = 23*t**2 + 13*t - 4. Let p(j) = 14*j**2 + 7*j - 3. Let y(d) = -3*m(d) + 5*p(d). Give y(4).
-3
Let d(m) = -m**3 - 6*m**2 - 4*m + 6. Let y(n) = n**3 - 4*n**2 - 4*n - 6. Let j be y(5). Let p be j + (-3 - 5/5). Give d(p).
1
Suppose d - 27*j + 24*j = 4, -4*d - 23 = j. Let b(w) = w**2 - w - 1. Let x(c) = -7*c + 5. Let n(m) = b(m) - x(m). Calculate n(d).
-11
Let n(r) = -r**3 + 3*r + 3. Let t be n(3). Let w = t + 18. Let f(i) = 22*i - 24*i + 2*i**2 - w + 0 + 3*i**3. What is f(-2)?
-15
Let f(y) = -3*y + 2. Let u be -7 + (8 - 2) - (1 - 0). Give f(u).
8
Let l(t) = 12*t + 1. Suppose 0 = 3*u - 10 - 26. Let w = 11 - u. Determine l(w).
-11
Let g(d) = 7*d**2 + 12*d - 5. Let p(j) = 20*j**2 + 34*j - 14. Let v(u) = -17*g(u) + 6*p(u). What is v(2)?
5
Let s(v) = 57*v + 5. Let h(r) = r + 1. Let b(x) = 19*x + 6. Let i(g) = -b(g) + 5*h(g). Let y(j) = -9*i(j) - 2*s(j). Determine y(-1).
-13
Suppose 10*p + 7 = -53. Let f(q) = 3*q**2 - 10*q + 8. Let t(y) = -y**2 + y - 1. Let w(b) = -f(b) - 4*t(b). Give w(p).
-4
Suppose 60 + 83 = -14*u + 157. Let p(b) = -b + b - 1 - 6*b. Calculate p(u).
-7
Let m(n) = n**3 + 4*n**2 + 3*n - 1. Suppose -2*c = -3*c - 2*k + 11, 4*k + 3 = 3*c. Suppose c*d - 3*j + 24 = 0, d - j - 4*j = -18. Determine m(d).
-1
Let f(m) = m + 15. Let v be f(0). Let b = v + -8. Let g(a) = -2*a + 6. Calculate g(b).
-8
Let i(q) = -4*q**3 - 14*q**2 - 9*q - 6. Let n(k) = -3*k**3 - 13*k**2 - 9*k - 7. Let m(h) = -4*i(h) + 5*n(h). Calculate m(10).
-1
Let d(q) be the second derivative of 0 - 5/2*q**2 - 12*q - 1/6*q**3. Let s = 6 - 10. Determine d(s).
-1
Let v be (-5)/7 + 4/(-14). Let m(w) = 21*w - 4*w + 11*w**3 + 1 - 17*w**3 - 11*w - 4*w. What is m(v)?
5
Let p(m) be the second derivative of m**5/20 - 2*m**4/3 + m**3 - 3*m**2 + 28*m. Determine p(7).
-13
Let c(k) be the first derivative of -k**4/4 + 2*k**3/3 + k**2/2 - 2*k - 234. Calculate c(2).
0
Let o be -4 + (45/(-10))/(3/42). Let h = o - -61. Let k(t) = -3*t - 8. Calculate k(h).
10
Let x(z) = z**3 - 14*z**2 + 3 + 9*z**2 + 8*z**2. Let a(u) = -u**3 - 1. Let s(d) = -2*a(d) - x(d). Let j = 88 + -85. Determine s(j).
-1
Suppose 4*k - 32 = -u - 4*u, 0 = k + 2. Let c(d) = u*d + 13*d - 22*d + 8. Determine c(6).
2
Let j(g) be the first derivative of -1/6*g**3 - 3*g + 2 + 1/2*g**2. Let t(k) be the first derivative of j(k). Give t(-5).
6
Let c(j) = -7 - 7*j - j**2 + 2*j - 2 + 12. Determine c(-4).
7
Let j(y) = 5*y - 34 + 33 - y**2 - 4*y. What is j(0)?
-1
Let b be 4/(((-32)/6)/(-4)). Suppose -b*i = -d + 9, i = 5*d - 4 + 1. Let k(w) = -w**3 - 4*w**2 + 2*w + 3. What is k(i)?
-12
Let m(a) be the third derivative of a**4/3 + 4*a**3/3 + 5*a**2 + 7*a. Give m(-4).
-24
Let v(c) = c**2 - 6*c - 4. Let m be v(7). Let d(h) = -m*h**3 - 2 - 7*h - h**3 + 10*h - 3*h**2 + 5*h**3. What is d(3)?
7
Let l(v) = -v**2 + 12*v + 11. Let o be 441/42 - (-1)/(-2). Calculate l(o).
31
Let j(r) = -2*r**3 - 3*r**2 - 3*r - 2. Let m be j(-2). Let z(k) = 2*k**3 - 7*k**2 - 8 - m*k - 2*k**3 - k**3. What is z(-6)?
4
Let s(p) be the first derivative of 3*p**2/2 + 18*p - 11. Let l be s(-5). Suppose -2*d + 7 = l. Let t(h) = -h**3 - 3*h**2 + 2*h + 1. What is t(d)?
-15
Let z(m) = -2*m**2 + 6*m + 1. Let q be 4*-3*4*6/(-72). Determine z(q).
-7
Let o(v) = -v - 10. Let w(k) = -49*k + 399. Let b be w(8). Give o(b).
-17
Let v(u) = -4*u**2 - u + 1. Let c be v(1). Let k(o) = -2*o**3 + 321*o + o**3 - 323*o - 4*o**2. Determine k(c).
8
Let g(h) = h**3 - h**2 - 2*h + 7. Let n(m) = m**2. Let z(b) = -g(b) - 5*n(b). Let t = 9 + -4. Suppose t*v + 7 + 18 = 0. Determine z(v).
8
Let z(r) be the first derivative of 28 - 1/3*r**3 + 5/2*r**2 + 8*r. Suppose 3*h = -4*c + 38, 5*c - 13 = -0*h + 2*h. Determine z(h).
2
Suppose c + 3 = -3*d - 8, -31 = -4*c + 3*d. Let h(k) be the first derivative of -k**3/3 + 2*k**2 - 5*k - 557. Give h(c).
-5
Let k(h) = -44 - 34 + 0*h + h + 76. Calculate k(3).
1
Let w(h) = h**3 + 4*h**2 - 4*h + 5. Let c be (1 - -1)/(3/(-21)). Let n = 5 - 3. Let o be (-7)/c*(-20)/n. What is w(o)?
0
Let p be (-544)/119 - (-24)/(-56). Let j(h) = 10*h - 11. Determine j(p).
-61
Let v(q) be the third derivative of q**4/3 - q**3/2 + 289*q**2. Calculate v(-3).
-27
Let q(k) = -6*k - 2*k**2 + 32 + 3*k**2 - 36. Let g = 26 + -20. What is q(g)?
-4
Suppose 7*s = 10*s + 4*k - 49, 0 = s + 5*k - 20. Let j(f) = f - 18. What is j(s)?
-3
Suppose -4*h = r + 25, -5*r - 3*h = 49 + 144. Let c = -47 - r. Let z(w) = -w**2 - 4*w - 1. Determine z(c).
-13
Let u(w) = w + 26. Suppose 0 = -k - y, 5*k + 10*y - 8*y = 0. Determine u(k).
26
Let x(w) = w**2 - 4*w. Let k(t) = 2*t**3 + 2*t. Let l be k(-2). Let u = 23 + -15. Let f be -12*(2 + l/u). Calculate x(f).
12
Let z = -14 - -2. Let f be (5/10)/(1/z). Let y be (-1)/(17/f + 3). Let o(g) = 3*g + 9. Give o(y).
-9
Let w be 1/(-1) - ((-72)/(-6) + -7). Let q(j) = j**2 + 5*j + 2. Determine q(w).
8
Let w(s) = -9 - 2*s - 2*s + 5*s. Suppose -2*q - 5*n + 13 = 0, -4 = -2*q - 4*n + 10. Suppose 1 = -2*h + q. Calculate w(h).
-5
Let f(x) = 0*x - 1777*x**2 + 0*x + 1738*x**2 - 1. Give f(-1).
-40
Suppose -22 = -0*g - 4*g + 2*p, -4*p = -4*g + 16. Suppose -o - 5 = -g. Let m(x) be the second derivative of -5*x**4/12 + x**3/2 - x**2/2 - x. What is m(o)?
-15
Let i(p) be the second derivative of -p**4/3 + 11*p**2 + 8*p. Let c(f) = f**2 - 7. Let o(g) = 7*c(g) + 2*i(g). Determine o(-4).
-21
Let n(u) = u**2 + 7*u + 9. Let q be ((-24)/(-18))/((-12)/(-81)). Suppose 30 = -4*w + 2*c, -3*w - 6*c = -q*c + 27. What is n(w)?
3
Let h(l) = l**3 + 6*l**2 + l + 4. Let w(n) = n**2 + 2*n - 3. Let s be w(2). Suppose 7 = 3*b - s*c, 2*b + 37 = -2*c - 3*c. Calculate h(b).
-2
Let r(t) = 3*t + 10. Let z = 762 - 770. Give r(z).
-14
Let t(a) = -16 + 195*a - 101*a - 95*a. Give t(-7).
-9
Suppose -4*i - 54 = -6. Let q be (i/15)/(1/5). Let v(w) = 14*w**2 - 9*w + 1. Let g(n) = -5*n**2 + 3*n. Let c(z) = q*v(z) - 11*g(z). Give c(4).
-8
Let f = -33 + 25. Let m(s) = -s**2 - 6*s - 6. Let b(y) = y**2 + 5*y + 7. Let v(j) = 2*b(j) + 3*m(j). What is v(f)?
-4
Suppose 0 = 4*k - 0*k - 32. Let d(g) be the first derivative of -k*g - 11 + 5*g - g**2 + 5*g + 0*g. Determine d(3).
-4
Let b(z) be the first derivative of z**4/4 + 13*z**3/3 - 8*z**2 - 30*z - 216. Determine b(-14).
-2
Let p(c) be the second derivative of -c**8/6720 + c**7/2520 - c**5/120 + c**4/4 + 4*c. Let f(a) be the third derivative of p(a). What is f(0)?
-1
Let d(s) = s - 5. Let w = -61 - -71. Suppose -10*i + 60 = -w. Calculate d(i).
2
Let r(v) = -v**2 + 5*v + 4. Let q be r(5). Let i(o) = 3*o**2 + 9*o - 3. Let a(g) = -g**2 - 4*g + 2. Let c(y) = -5*a(y) - 2*i(y). What is c(q)?
-12
Let n(g) = 2 - 12*g + 8*g**3 + 8*g + 0. Let y be n(1). Let o(s) = -s**3 + 5*s**2 + 4*s + 1. Determine o(y).
-11
Let h(s) be the second derivative of -s**5/20 - 7*s**4/12 - s**3 - 9*s**2/2 + 3*s + 52. What is h(-7)?
33
Let n(a) = -3*a - a**3 + 0*a**3 + 375 + 12*a**2 + 4*a - 204 - 190. Give n(12).
-7
Let k(s) = 6*s. Let l = -3 - -8. Let g(q) = q. Let a(b) = l*g(b) - k(b). Let z(t) = 2*t - 1. Let p(m) = 3*a(m) + 2*z(m). Give p(-3).
-5
Let y = 384 + -381. Let o(t) = -t**2 + 2. Calculate o(y).
-7
Let r(u) = u - 8. Let d(s) = -5*s + 37. Let f(x) = -2*d(x) - 11*r(x). Give f(10).
4
Let t(j) = -2*j + 15. Let z = 